f 11355?
5
What is the hundreds digit of 1908?
9
What is the tens digit of 1296?
9
What is the tens digit of 2054?
5
What is the hundreds digit of 37246?
2
What is the tens digit of 8155?
5
What is the tens digit of 2276?
7
What is the tens digit of 1127?
2
What is the hundreds digit of 267?
2
What is the tens digit of 94251?
5
What is the tens digit of 4965?
6
What is the hundreds digit of 1357?
3
What is the hundreds digit of 63174?
1
What is the ten thousands digit of 12413?
1
What is the units digit of 30292?
2
What is the hundreds digit of 1173?
1
What is the units digit of 892?
2
What is the thousands digit of 5133?
5
What is the hundreds digit of 733?
7
What is the units digit of 52583?
3
What is the units digit of 406?
6
What is the tens digit of 1266?
6
What is the tens digit of 32830?
3
What is the units digit of 8049?
9
What is the units digit of 40568?
8
What is the units digit of 623?
3
What is the hundreds digit of 19953?
9
What is the units digit of 1284?
4
What is the hundreds digit of 69906?
9
What is the tens digit of 18450?
5
What is the ten thousands digit of 24926?
2
What is the hundreds digit of 929?
9
What is the tens digit of 22017?
1
What is the ten thousands digit of 19396?
1
What is the thousands digit of 12387?
2
What is the hundreds digit of 4017?
0
What is the thousands digit of 3399?
3
What is the thousands digit of 4963?
4
What is the hundreds digit of 8497?
4
What is the hundreds digit of 99625?
6
What is the thousands digit of 8116?
8
What is the hundreds digit of 2050?
0
What is the hundreds digit of 2034?
0
What is the units digit of 21785?
5
What is the units digit of 12579?
9
What is the tens digit of 2463?
6
What is the hundreds digit of 6319?
3
What is the units digit of 2923?
3
What is the units digit of 27708?
8
What is the ten thousands digit of 19129?
1
What is the units digit of 1751?
1
What is the tens digit of 2756?
5
What is the hundreds digit of 2673?
6
What is the units digit of 1343?
3
What is the tens digit of 1874?
7
What is the tens digit of 910?
1
What is the thousands digit of 8755?
8
What is the units digit of 17344?
4
What is the hundreds digit of 194?
1
What is the hundreds digit of 2156?
1
What is the hundreds digit of 9851?
8
What is the tens digit of 46603?
0
What is the units digit of 10223?
3
What is the units digit of 3176?
6
What is the ten thousands digit of 147489?
4
What is the units digit of 10098?
8
What is the ten thousands digit of 23660?
2
What is the tens digit of 2239?
3
What is the units digit of 909?
9
What is the hundred thousands digit of 105435?
1
What is the thousands digit of 35614?
5
What is the tens digit of 23584?
8
What is the hundred thousands digit of 110239?
1
What is the ten thousands digit of 45935?
4
What is the tens digit of 7286?
8
What is the hundred thousands digit of 106002?
1
What is the tens digit of 26?
2
What is the hundreds digit of 2215?
2
What is the units digit of 985?
5
What is the ten thousands digit of 45976?
4
What is the thousands digit of 22710?
2
What is the hundreds digit of 38062?
0
What is the tens digit of 168741?
4
What is the units digit of 14780?
0
What is the tens digit of 42439?
3
What is the thousands digit of 3596?
3
What is the thousands digit of 13602?
3
What is the hundreds digit of 21248?
2
What is the thousands digit of 1349?
1
What is the ten thousands digit of 18037?
1
What is the tens digit of 1437?
3
What is the units digit of 116?
6
What is the tens digit of 19160?
6
What is the hundreds digit of 3552?
5
What is the thousands digit of 13627?
3
What is the units digit of 854?
4
What is the hundreds digit of 27794?
7
What is the tens digit of 2419?
1
What is the hundreds digit of 22463?
4
What is the tens digit of 55285?
8
What is the ten thousands digit of 79100?
7
What is the thousands digit of 2274?
2
What is the thousands digit of 32700?
2
What is the hundreds digit of 84465?
4
What is the hundreds digit of 8868?
8
What is the ten thousands digit of 11405?
1
What is the tens digit of 16428?
2
What is the tens digit of 18153?
5
What is the tens digit of 21694?
9
What is the hundreds digit of 879?
8
What is the units digit of 8256?
6
What is the units digit of 1893?
3
What is the hundreds digit of 1685?
6
What is the tens digit of 2614?
1
What is the tens digit of 1033?
3
What is the tens digit of 20155?
5
What is the units digit of 8046?
6
What is the hundreds digit of 85566?
5
What is the hundreds digit of 128?
1
What is the thousands digit of 14771?
4
What is the thousands digit of 7515?
7
What is the ten thousands digit of 69599?
6
What is the tens digit of 70428?
2
What is the ten thousands digit of 175438?
7
What is the thousands digit of 7896?
7
What is the tens digit of 1423?
2
What is the hundreds digit of 3764?
7
What is the thousands digit of 1991?
1
What is the ten thousands digit of 10123?
1
What is the units digit of 75476?
6
What is the tens digit of 2027?
2
What is the units digit of 26410?
0
What is the tens digit of 1627?
2
What is the units digit of 281?
1
What is the units digit of 6294?
4
What is the tens digit of 5335?
3
What is the hundreds digit of 1733?
7
What is the thousands digit of 2159?
2
What is the ten thousands digit of 33601?
3
What is the units digit of 2420?
0
What is the ten thousands digit of 41790?
4
What is the hundred thousands digit of 152871?
1
What is the hundreds digit of 42302?
3
What is the hundreds digit of 1042?
0
What is the tens digit of 2289?
8
What is the tens digit of 42428?
2
What is the units digit of 83267?
7
What is the ten thousands digit of 44802?
4
What is the thousands digit of 5567?
5
What is the units digit of 5259?
9
What is the units digit of 1082?
2
What is the tens digit of 4814?
1
What is the hundreds digit of 4301?
3
What is the ten thousands digit of 11738?
1
What is the thousands digit of 10170?
0
What is the hundreds digit of 2849?
8
What is the thousands digit of 36511?
6
What is the tens digit of 180?
8
What is the hundreds digit of 4058?
0
What is the thousands digit of 13332?
3
What is the tens digit of 656?
5
What is the thousands digit of 14743?
4
What is the units digit of 1392?
2
What is the units digit of 269?
9
What is the hundreds digit of 98726?
7
What is the units digit of 5822?
2
What is the tens digit of 1757?
5
What is the tens digit of 47316?
1
What is the hundreds digit of 3458?
4
What is the hundreds digit of 970?
9
What is the units digit of 307?
7
What is the thousands digit of 1585?
1
What is the units digit of 879?
9
What is the tens digit of 1050?
5
What is the ten thousands digit of 14698?
1
What is the ten thousands digit of 11339?
1
What is the hundreds digit of 103452?
4
What is the thousands digit of 150958?
0
What is the hundreds digit of 1027?
0
What is the units digit of 19964?
4
What is the thousands digit of 2841?
2
What is the units digit of 1387?
7
What is the units digit of 8102?
2
What is the units digit of 8?
8
What is the ten thousands digit of 81346?
8
What is the thousands digit of 22299?
2
What is the tens digit of 731?
3
What is the hundreds digit of 408?
4
What is the hundreds digit of 1645?
6
What is the thousands digit of 1967?
1
What is the thousands digit of 10559?
0
What is the units digit of 4685?
5
What is the tens digit of 243?
4
What is the ten thousands digit of 30689?
3
What is the thousands digit of 6724?
6
What is the units digit of 6277?
7
What is the units digit of 279?
9
What is the thousands digit of 27097?
7
What is the units digit of 5889?
9
What is the units digit of 66?
6
What is the tens digit of 1465?
6
What is the tens digit of 946?
4
What is the thousands digit of 2084?
2
What is the units digit of 1935?
5
What is the units digit of 119494?
4
What is the tens digit of 866?
6
What is the thousands digit of 8536?
8
What is the hundreds digit of 6354?
3
What is the tens digit of 247?
4
What is the thousands digit of 8191?
8
What is the units digit of 19060?
0
What is the units digit of 4392?
2
What is the thousands digit of 3259?
3
What is the thousands digit of 32060?
2
What is the thousands digit of 4749?
4
What is the tens digit of 21450?
5
What is the hundreds digit of 1268?
2
What is the thousands digit of 7820?
7
What is the hundreds digit of 4999?
9
What is the t